-24))/(-1)?
1
Let r(s) = -s + 10. Let z(y) = y**3 - 2*y**2 - 6*y + 2. Let q be z(6). Let o be (-2 + 1)/(10/q). What is the tens digit of r(o)?
2
Let a be 49/4 + (-3)/12. What is the units digit of 1 + 64 - a/4?
2
Let q(b) be the second derivative of -4*b**4/3 + b**3/6 + b**2/2 - 2*b. Let v be q(2). Let f = -23 - v. What is the tens digit of f?
3
Suppose -8*u + 2*v + 1084 = -7*u, -4296 = -4*u - 2*v. What is the thousands digit of u?
1
Let g = 43 - 38. Suppose -761 = -g*j + v, -4*v = 3*j - 0*v - 452. What is the units digit of j?
2
Suppose -12 = -p + 5*d, -6 = 5*d + 4. Suppose 0*g - 672 = -p*s - 5*g, 652 = 2*s - 5*g. What is the hundreds digit of s?
3
Let u be (2 - 20)/(-3) + -1. Suppose u*x + 35 = i, 5*i - 5*x - 144 = 51. What is the tens digit of i?
4
Let c(p) = 1748*p - 10. What is the units digit of c(1)?
8
Let k(w) = 250*w**3 + 3*w**2 - 2*w. What is the tens digit of k(1)?
5
Suppose 1572 = 7*a - 8893. What is the tens digit of a?
9
Suppose -6 = 4*z - 26. Suppose 0 = -u + 54 + z. What is the tens digit of u?
5
Suppose 3*m - m - 3*c = -8, -c = 2*m - 8. Suppose 2*x + 4 = -t + 4*t, -4*t + 8 = -m*x. Suppose -u + r + 34 = -2*r, x*u - r = 147. What is the tens digit of u?
3
Let d = -9 - -580. What is the hundreds digit of d?
5
What is the hundreds digit of -6 + 5639/5 + (-1)/(-5)?
1
Let m = 46 + -114. Let n = m + 273. What is the units digit of n?
5
Suppose 0 = 2348*t - 2347*t - 1233. What is the tens digit of t?
3
Suppose -4*j + 2552 = -4*h, 2 = 2*h - 4. Suppose j = 6*g + 71. What is the units digit of g?
5
Let i be 0 - (9/3 - 44). Let a = i - 36. Suppose -2*h + 234 = a*r + h, -r + 40 = 4*h. What is the tens digit of r?
4
Let z be (-1)/(-2 - (-9)/4). Let a(s) = -s. Let v(p) = -4*p - 3. Let t(c) = -3*a(c) + v(c). What is the units digit of t(z)?
1
Let u(y) be the first derivative of 4*y**2 + 6*y + 3. What is the units digit of u(3)?
0
Let l = 652 - 647. Let d(w) = w**3 + w**2 - 1. Let i be d(-1). What is the units digit of (l + -6)*(-38 + i)?
9
Let x(q) = -115*q + 4185. What is the tens digit of x(0)?
8
Suppose -2*h - 5*t + 8 = 0, 0 = 2*h - h + 2*t - 3. What is the units digit of ((-65)/1)/(h + 0)?
5
Suppose 5*u = 21*u. Suppose 0 = 4*g - q - 113, 4*g - 109 - 5 = 2*q. Suppose u = 3*p - g - 11. What is the units digit of p?
3
Suppose 0 = 2*f - 5*f - 9. Let o be (-3)/((-4)/(-36)*f). What is the tens digit of (-374)/(-6) + (-3)/o?
6
Let p = -46 + 114. Suppose 134 = -67*m + p*m. What is the tens digit of m?
3
What is the units digit of ((-10 - -4) + 54)/(6/40)?
0
Let h(f) = 31*f + 193. What is the hundreds digit of h(0)?
1
Suppose r + 5 - 10 = 0, 0 = 3*k - 2*r - 473. What is the hundreds digit of k?
1
Suppose 82*h + o - 10457 = 77*h, 2*o = -2*h + 4186. What is the thousands digit of h?
2
What is the hundreds digit of (-6320)/(-34) + (-1 - 95/(-85))?
1
Let s(i) = -7*i**2 - 24*i - 17. Let d(p) = 3*p**2 + 12*p + 8. Let j(a) = 5*d(a) + 2*s(a). What is the units digit of j(-13)?
9
Let x = -11 - -50. What is the tens digit of x?
3
Suppose -3*y + 5 = -4. Suppose -v = y*l - 132, 3*l + 0*v = 2*v + 132. What is the units digit of l?
4
Let l = 54 - 84. Let f be 1/(l/16 + 2). Let q = f + -6. What is the units digit of q?
2
Let j(i) = -i**2 - 16*i + 3. Let x be j(-23). Let r = x + 425. What is the hundreds digit of r?
2
Let l(z) = 6*z**2 - 6*z - 3. Let m = -93 - -99. What is the units digit of l(m)?
7
Suppose -3*g - 6 = -4*g. Suppose -g*y + 5*y = -28. Suppose -3*n = -5*u + 3 - y, u + 27 = 5*n. What is the units digit of n?
5
Suppose 16824 = 8*v + 16*v. What is the hundreds digit of v?
7
Suppose 5*p - 714 = 3*x - 4*x, 0 = 5*x - 2*p - 3435. What is the units digit of x?
9
Suppose -w - 2*m + m = -26, -3*w + 76 = 4*m. Let t = 20 - w. Let x = 21 - t. What is the tens digit of x?
2
Suppose -2*q - 2*a + 58 = 0, 3*a + a + 8 = 0. Suppose -21 = 3*y + 4*g, -5*y + 3*g - 35 = g. Let x = y + q. What is the units digit of x?
4
Suppose 33 = -4*n - 3*q, -q - 3 = -0*q. Let g(j) = -j**3 - 6*j**2 - 2*j + 8. What is the tens digit of g(n)?
2
Let c(a) = -146*a + 82. What is the hundreds digit of c(-3)?
5
Suppose 2*m + 11 = -3*q, 0 = -m - 2*m - 4*q - 19. Let j = -11 - m. Suppose 2*z + 68 = 3*l, 3*z - 4 - j = 0. What is the tens digit of l?
2
Let b(d) = -d. Let k be b(-2). Suppose 4*x - t = -95, 0 = 2*x - k*t - 12 + 52. What is the tens digit of -1 + 3 + -5 - x?
2
Let o be 1*0/(-3) - -1. What is the tens digit of (2/o + -3)*-17?
1
Let c(x) = 12*x**2 + 2*x - 4. Let z(j) = -j**2 - j + 1. Let b(s) = c(s) + 10*z(s). Let d be ((-20)/2)/(0 + -2). What is the tens digit of b(d)?
1
Suppose -3*m + 8*m = 2920. What is the tens digit of m?
8
Let d = 295 + 10. What is the hundreds digit of d?
3
Suppose 0 = 339*m - 345*m + 5856. What is the tens digit of m?
7
Let p(v) = -v + 14. Let a be p(9). Suppose 0*i = a*i - 45. What is the tens digit of (-24)/i*27/(-6)?
1
Let v(u) = 8*u + 3. Let w = 1 - -2. Suppose 1 = 2*o + 3*h, -w*o + 0 = -5*h - 11. What is the units digit of v(o)?
9
Suppose 4337 = 58*w - 54*w - 5*q, 5*w - q = 5416. What is the units digit of w?
3
Suppose -1105 = -3*j + 215. Let z = j - 235. What is the hundreds digit of z?
2
Let x(s) = 970*s + 18. What is the hundreds digit of x(1)?
9
Suppose -2*d + 1074 = 4*w + 212, -5*w = -5*d + 2125. What is the tens digit of d?
2
Let j be 8/6*390/104. Suppose -j*q = -q + u - 12, 2*q = -3*u + 6. What is the units digit of 6*(-3)/(-18)*q?
3
Let y = -113 + 20. Let z = y + 147. What is the units digit of z?
4
Let y be (-2)/5 + (-8)/(80/(-154)). Suppose -1188 = y*j - 21*j. What is the units digit of j?
8
Suppose 0 = -7*j - 2*j + 16857. What is the tens digit of j?
7
Let h = -2788 - -2815. What is the units digit of h?
7
Let y(l) = 2*l + 3*l + l + 6*l - 17. What is the units digit of y(8)?
9
Let z be -4 + 3/((-12)/(-200)). Let q = z + -40. What is the units digit of q?
6
Let v(j) = -j**2 + 7*j - 5. Let g(h) = h**3 - 4*h**2 + 3*h. Let w be g(3). Suppose w = -2*o - l + 14, 4*l + 14 = 4*o - l. What is the units digit of v(o)?
1
Let x(d) = 4*d - 3. Let s be x(3). Suppose s*p - 4*p + 20 = 0. What is the units digit of -15*p/24*4?
0
Suppose -10*b - 147 = -7*b. Let q = 25 - b. Suppose 3*n + 8 - q = 0. What is the units digit of n?
2
Let m(t) = 14*t**2 + 24*t - 14. What is the hundreds digit of m(7)?
8
Suppose -3*n + u + 14432 = 0, -2*n + 2*u + 2076 = -7544. What is the thousands digit of n?
4
Suppose 0 = 36*m - 15*m - 3129. What is the tens digit of m?
4
Suppose -3*f + 4 = -5. Suppose 3*p = -f, -3 = o - 2*p + 5*p. What is the units digit of -2 - 1 - (o - 14)?
1
Let t(u) = -3*u**2 - 2*u + 3. Suppose 6 = 3*f, -i + 5*f = -0*f + 7. Let v be t(i). What is the units digit of ((-18)/10)/(9/v)?
6
Let y(t) = 4*t**3 - 3*t**2 + t. Let d be y(4). Let x be 12/8*d/6. Let u = -30 + x. What is the tens digit of u?
2
Suppose -m - 840 = -5*y - 2*m, -4*m - 147 = -y. What is the tens digit of y?
6
What is the hundreds digit of (-6)/(-2) - (-147 - -3)?
1
Let f(j) = j**2 - 12*j + 20. What is the hundreds digit of f(-10)?
2
Suppose 5*f = 8 + 7. What is the units digit of f/(156/(-40) + 4)?
0
Suppose -4*p - p = -30. Let d(h) = -3*h + 5. Let w be d(p). Let l(s) = s**2 + 13*s + 8. What is the units digit of l(w)?
8
Let a(h) = 5*h**2 - 114*h + 23. What is the thousands digit of a(31)?
1
Let s(y) be the third derivative of 7*y**5/60 - y**4/8 - y**3/6 - 2*y**2. Let l = -51 - -54. What is the tens digit of s(l)?
5
Let f be (1 + -394)/((273/28)/(-13)). What is the tens digit of (-1)/(-4) - f/(-16)?
3
Let s = 258 + 74. What is the tens digit of s?
3
Let k be 33/(-77) - (-622)/14. Let a = k - 11. Suppose a*x - 37*x = -228. What is the tens digit of x?
5
Let f(m) = m + 6. Let k be f(-10). Let z be 28/8 - 2/k. Suppose -z*c - 36 = -w, -5*w + c + 98 = -25. What is the tens digit of w?
2
Let b(g) = -g**3 + 5*g**2 - g + 1. Let d be b(4). Suppose t - d + 0 = 0. What is the tens digit of t?
1
Let b(x) = 6*x**2 - 4*x - 2. Let m be -3 - 0/(-2 + 5). What is the tens digit of b(m)?
6
Let n(s) = -7*s + 31. Let r be n(5). Let u = r + 94. What is the tens digit of u?
9
Let v = 3125 - 1788. What is the tens digit of v?
3
Let u(i) = -2*i + 296 - 11*i - i**3 + 14*i**2 + i**2 - 285. What is the units digit of u(14)?
5
Suppose -5*p + 5*d + 2408 - 433 = 0, 5 = -d. What is the hundreds digit of p?
3
Suppose 0 = -15*g